9. What is the remainder when u is divided by 12/10*l/(-8)?
14
Suppose 5*n - 3 = 3*h, -4*n - 8 = -0*h - 5*h. Let t(q) = q - 3. What is the remainder when 2 - n*-1*1 is divided by t(6)?
2
Let q = -34 + 58. Calculate the remainder when q is divided by (3 + 18/12)*2.
6
Let x = -9 - -22. Suppose 0*q = 2*q. Suppose 4*s + 5*b - 72 = q, -3*s + 2*s + b + 27 = 0. Calculate the remainder when s is divided by x.
10
Let n = 9 + 3. Let s = 21 - n. Calculate the remainder when s is divided by 4.
1
Suppose 9 = 5*q + 2*g - 24, 0 = -2*q + g + 6. Calculate the remainder when 31 is divided by q.
1
Suppose -2*o - 2*s + 10 = 0, -4*o = -o + 2*s - 18. Calculate the remainder when o is divided by 3/(-2) - (-39)/6.
3
Let d be -3*(8/(-6))/1. Let h be -6*(-4)/36*21. Suppose 3*v - 4 = -4*w + h, -22 = -d*w - 5*v. What is the remainder when 4 is divided by w?
1
Suppose -65 = -3*s - 2*s. Calculate the remainder when 51 is divided by s.
12
Suppose q + 3 = 2*q. Suppose -v + 9 = -4*c, -c - 21 = -q*v - v. What is the remainder when v is divided by 2?
1
Suppose -2*v + 3*p + 187 = 0, 8*p = 3*p - 15. Suppose u + 77 = 5*h, -5*h + v = 3*u + 20. What is the remainder when 28 is divided by h?
13
Let t = -105 + 152. Suppose 3*w = 2*y - 109, -5*w - t = -y - 2*w. Calculate the remainder when y is divided by 16.
14
Let p be 3 + (-3)/1 - 5. Let d(q) be the second derivative of -q**5/20 - q**4/3 + q**3/3 - 5*q**2/2 + q. What is the remainder when 19 is divided by d(p)?
9
Let h = 56 - 33. What is the remainder when 34 is divided by h?
11
Suppose -2*y + 0*i = 3*i - 72, 0 = 5*i. What is the remainder when 71 is divided by y?
35
Suppose 0 = 4*w + w - 15. Let g(o) = 0*o + 17 + 4*o**3 - 18 - 3*o**3 - 3*o. Calculate the remainder when 49 is divided by g(w).
15
Let b = -14 + 21. Calculate the remainder when 41 is divided by b.
6
Suppose 22 = 4*j - 2. Let m = 45 + -29. What is the remainder when m is divided by j?
4
Let y = 7 - -9. What is the remainder when 31 is divided by y?
15
Suppose -3*u + 6 = -2*u - 4*l, -u + 2 = -2*l. Let i = 2 - u. Calculate the remainder when 14 is divided by i.
2
What is the remainder when -237*(-1 + 6/9) is divided by 16?
15
Let o = -16 + 29. Calculate the remainder when 62 is divided by o.
10
Suppose -2*s = -3*u - 41, 18 + 45 = 3*s - 5*u. Let b = -24 + 55. Calculate the remainder when b is divided by s.
15
Let u = 36 - 33. What is the remainder when 7 is divided by u?
1
Suppose 0*o - 4*o + 20 = 0. Suppose -11*s + 112 = 13. What is the remainder when s is divided by o?
4
Let j(d) = 19*d**2 - 3*d - 1. Let y be j(-1). Let r = y + -18. Calculate the remainder when 10 is divided by r.
1
Suppose 8*v - 4*v = 24. What is the remainder when v is divided by 4?
2
Let j = 7 - 3. Let u(i) = 2*i + 4. What is the remainder when j/10 + (-990)/(-25) is divided by u(5)?
12
Let f = 224 - 131. What is the remainder when f is divided by 32?
29
Suppose 0 = 3*x + 2*x - 45. Let k(c) = -c**3 + 5*c**2 + 5*c + 11. Calculate the remainder when x is divided by k(6).
4
Let q be (3 - -2)*272/20. Suppose -3*i = -25 - q. What is the remainder when i is divided by 8?
7
Let v = 126 + -74. Calculate the remainder when 205 is divided by v.
49
Let p = -16 + 56. Calculate the remainder when p is divided by 21.
19
Suppose -2*a - 2 = -a, 4*a + 23 = l. What is the remainder when l is divided by 4?
3
Let q = 125 - 88. Suppose -22*h + 115 = -171. What is the remainder when q is divided by h?
11
Let q = 3 + -1. Suppose f + 2 = -2*v + 17, q*v - 67 = -5*f. What is the remainder when 36 is divided by f?
10
Calculate the remainder when 49 is divided by (-154)/(-10) + -2 + 4/(-10).
10
Suppose 50 = 2*j + 3*j - 5*x, x + 5 = 0. Calculate the remainder when 9 is divided by j.
4
Suppose -4*s - 6*d = -7*d - 12, 2*s - 3*d = 16. Suppose -3*y = -l + s - 46, -4*y = -2*l - 62. What is the remainder when y is divided by 8?
5
Let h = 201 - 104. What is the remainder when h is divided by 25?
22
Let p = 0 + 6. What is the remainder when 860/40 - 3/(-2) is divided by p?
5
Suppose 5*l = -4*g + 93, -3 - 1 = -2*g. What is the remainder when l is divided by 9?
8
Suppose 34 - 4 = 2*w. What is the remainder when 2 is divided by (3/2)/(w/20)?
0
Let s(r) = 5*r**2 - r + 1. Let h be s(2). What is the remainder when h/4 + (-3)/(-12) is divided by 2?
1
Suppose 0*j - 3*j - 5*c = -48, -5*c = -2*j + 32. Suppose -4*p = 2*v - 198, 3*p - 159 + 13 = -v. Calculate the remainder when p is divided by j.
15
Let h(o) = -3*o - 2. Calculate the remainder when h(-9) is divided by 13.
12
Let n be 186/4*4/6. Let z = n + -22. Suppose 3*v + 3 - z = 0. What is the remainder when 4 is divided by v?
0
Suppose -5*g - 3*d + 135 = 0, 4*g - 5*d - 81 = g. What is the remainder when 102 is divided by g?
21
Let m(a) = -a**3 + 3*a**2 - 12*a + 8. Let h(x) = x**3 - 4*x**2 + 11*x - 8. Let v(f) = 4*h(f) + 3*m(f). Calculate the remainder when v(6) is divided by 2.
0
Suppose 12 = 2*o - 0*o. Let u = o - 2. What is the remainder when (42/u)/((-3)/(-4)) is divided by 8?
6
Let u be (15 - 0)*(-58)/(-6). Suppose 5*f - u = -0*f. What is the remainder when f is divided by 16 + (-2)/(-2) + -4 + 2?
14
Suppose 5 = -5*v, 0 = -4*a - 0*v - 3*v + 685. What is the remainder when a is divided by 35?
32
Let i(r) = 2*r**2 + 8*r - 3. Suppose -n + 13 = 5*v - 183, -5*v = -5*n - 220. Calculate the remainder when v is divided by i(-6).
19
Suppose 0 = 4*c + 4*f + f + 19, -c - 7 = -f. Let x = c + 4. What is the remainder when (-744)/(-18) + x/6 is divided by 14?
13
Suppose 3*k - x = -0*x - 9, 4*x - 8 = 5*k. Let z(v) = -v**3 - 2*v**2 + v - 1. What is the remainder when z(k) is divided by (-2 + (-14)/(-6))*21?
6
Let t(b) = 2*b**2 - 9*b + 3. Let k = 58 - -3. Calculate the remainder when k is divided by t(6).
19
Calculate the remainder when 20638/238 + (-4)/(-14) is divided by 18.
15
Let l(r) = r - 81. Let d be l(0). Calculate the remainder when (-2 - d/2)*2 is divided by 20.
17
Let q = -55 - -133. Calculate the remainder when q is divided by 27.
24
Suppose u - 46 = -10. Calculate the remainder when 70 is divided by u.
34
Let h(b) = -b**3 - 3*b**2 + 4*b - 5. Let q be (4/(-8))/((-2)/(-20)). What is the remainder when h(q) is divided by 13?
12
Let j(z) = z**2. Let w(d) = -15*d**2 + d - 1. Let p(q) = j(q) - w(q). Let r be p(1). Calculate the remainder when 10 is divided by 108/r + (-3)/4.
4
Let l = 224 - 144. Calculate the remainder when l is divided by 9.
8
Suppose -3*y - 2*y = -15. Suppose 4*h = 2*d - y*d + 59, 5*d = -25. What is the remainder when h is divided by ((-1)/3)/((-1)/27)?
7
Let r(w) = -w**3 - 6*w**2 - 2*w + 3. What is the remainder when 54 is divided by r(-6)?
9
Let h(k) = k + 8. Calculate the remainder when h(-6) is divided by -9 + (-8)/20*-25.
0
Let n = -132 - -196. Suppose t - 2*x - 20 = 2*x, n = 5*t - 2*x. What is the remainder when (-108)/((-3)/1) - 1 is divided by t?
11
Suppose -2*s - 188 = -6*s. Suppose p - 16 = -5*y, 0*p = p - 5*y + 24. Calculate the remainder when s is divided by 5/(30/p)*-24.
15
Let k(m) = -m**3 + 3*m**2 + 4*m + 1. Let r = -149 - -156. What is the remainder when k(3) is divided by r?
6
Suppose 2*s + 2*s - 8 = 0. Suppose 5*w - s = o + 38, -w + 34 = 5*o. Calculate the remainder when 33 is divided by w.
6
Suppose -4*s - 2*a + 40 = s, 3*s + 5*a - 24 = 0. What is the remainder when 13 is divided by s?
5
Let p(b) = -2*b**3 + 17*b**2 - 5*b + 26. Calculate the remainder when 249 is divided by p(8).
49
Let b(s) = -s + 2. Let g be b(2). Let r = -3 + 2. Calculate the remainder when (r + 0)/(g - 1) is divided by 1.
0
Let m = 256 - 248. Let t = -8 - -5. Let z = t + 6. What is the remainder when m is divided by z?
2
Suppose 0 = 3*z + 19 - 58. Calculate the remainder when 36 is divided by z.
10
Suppose -f = 3*u - 9 - 21, -f - 4*u = -27. Suppose j + 27 = 4*t, 5*t - 3*j - f = -0*j. What is the remainder when 15 is divided by t?
3
Let x(j) = -j**3 + 29. Let q be x(0). Suppose -q = c - 6. Let s = 40 + c. Calculate the remainder when 32 is divided by s.
15
Suppose -4 - 8 = -n. Calculate the remainder when 35 is divided by n.
11
Let h(n) = n**2. Let j be h(1). Let a(y) = 5*y**2 - 3*y + 3. What is the remainder when a(2) is divided by j + -1 + 18/2?
8
Suppose -3*m - 1 = -7. Suppose 6*k - 36 = m*k. Calculate the remainder when k is divided by 4.
1
Let p(x) = 2*x**3 + 2*x - 1 - 4 - 2*x**2 + 2